{"id":8229,"date":"2024-06-28T02:18:17","date_gmt":"2024-06-28T00:18:17","guid":{"rendered":"http:\/\/18.159.216.47\/?page_id=8229"},"modified":"2024-07-18T15:11:47","modified_gmt":"2024-07-18T13:11:47","slug":"classe-energetica-adv","status":"publish","type":"page","link":"https:\/\/fotovoltaico.desamo.it\/index.php\/classe-energetica-adv\/","title":{"rendered":"Qualifico &#8211; A1 &#8211; Control"},"content":{"rendered":"<h6>Advertorial<\/h6>\n<h1>Classe energetica: migliaia di italiani stanno ristrutturando loro casa (pagando i lavori a met\u00e0 prezzo)<\/h1>\n<p>\t\t\t\t\t\t\t\t\t\t\t\t\t<img fetchpriority=\"high\" decoding=\"async\" width=\"1024\" height=\"576\" src=\"http:\/\/18.159.216.47\/wp-content\/uploads\/2024\/06\/Qualifico-photo-1024x576.webp\" alt=\"\" srcset=\"http:\/\/18.159.216.47\/wp-content\/uploads\/2024\/06\/Qualifico-photo-1024x576.webp 1024w, http:\/\/18.159.216.47\/wp-content\/uploads\/2024\/06\/Qualifico-photo-300x169.webp 300w, http:\/\/18.159.216.47\/wp-content\/uploads\/2024\/06\/Qualifico-photo-768x432.webp 768w, http:\/\/18.159.216.47\/wp-content\/uploads\/2024\/06\/Qualifico-photo-1536x864.webp 1536w, http:\/\/18.159.216.47\/wp-content\/uploads\/2024\/06\/Qualifico-photo-2048x1152.webp 2048w\" sizes=\"(max-width: 1024px) 100vw, 1024px\" \/>\t\t\t\t\t\t\t\t\t\t\t\t\t<\/p>\n<p>Migliaia di italiani stanno ristrutturando la loro casa per migliorare la classe energetica.<\/p>\n<p>Ma perch\u00e9 c\u2019\u00e8 stato questo boom di richieste?<\/p>\n<p>Perch\u00e9 nel 2024, grazie agli incentivi statali, \u00e8 possibile fare questi interventi pagando il 50% in meno.<\/p>\n<h2>Riqualificazione Energetica 2024: ecco 3 vantaggi enormi per i proprietari di casa<br \/>\n<\/h2>\n<p>I vantaggi imperdibili della riqualificazione energetica sono principalmente 3<\/p>\n<p><strong>1) Risparmiare sui costi di Gas &amp; Luce in bolletta:<\/strong><\/p>\n<p>La guerra in Ucraina ha reso chiaro quanto velocemente le certezze nel mercato dell\u2019energia possono cambiare da un giorno all\u2019altro.<\/p>\n<p>Avere una casa pi\u00f9 efficiente dal punto di vista energetico (o magari produrre la propria energia grazie ai pannelli solari), significa risparmiare molto in bolletta ed essere quasi immune agli sbalzi di mercato.<\/p>\n<p><strong>2) Aumentare il valore della loro casa, potenzialmente fino all\u201940%!!<\/strong><\/p>\n<p>La variazione di valore fra una classe E e una classe D si aggira intorno al 5-6%, ma sale fra il 14 e il 18% se si passa da una G a una D e addirittura fra il 30 e il 40% da una G a una A.<\/p>\n<p>Questo significa che se la tua casa vale \u20ac200.000 oggi, aumentando la classe energetica potrebbe acquisire fino a \u20ac80.000 di valore in pi\u00f9 sul mercato!<\/p>\n<p>Al contrario, le case a bassa efficienza energetica sono destinate a perdere sempre pi\u00f9 valore\u2026<\/p>\n<p>In quanto le persone saranno sempre meno disposte ad acquistare di quel tipo.<\/p>\n<p><strong>3) Avere maggior comfort, sia in inverno che d\u2019estate<\/strong><\/p>\n<p>Una casa pi\u00f9 efficiente dal punto di vista energetico significa una casa con un microclima pi\u00f9 stabile.<\/p>\n<p>La tua casa sar\u00e0 pi\u00f9 calda d\u2019inverno e fresca d\u2019estate (senza costi aggiuntivi in bolletta). <\/p>\n<h2>Quali interventi ti servono? Ora facile scoprirlo<br \/>\n<\/h2>\n<p>Isolamento termico? Infissi? Pompe di calore o Pannelli solari?<\/p>\n<p>Sapere quale intervento di miglioramento energetico \u00e8 il pi\u00f9 adatto per la tua casa non \u00e8 semplice.<\/p>\n<p><strong>Ecco perch\u00e9 nasce il servizio gratuito Qualifico.<\/strong><\/p>\n<p>Qualifico \u00e8 un servizio di consulenza gratuito che ti permette di scoprire:<\/p>\n<p>\u2014 Se sei idoneo per le agevolazioni del 50% sugli interventi di riqualificazione energetica<\/p>\n<p>\u2014 Qual \u00e8 la Classe Energetica attuale della tua casa<\/p>\n<p>\u2014 Qual \u00e8 il miglior tipo di lavoro di riqualificazione da fare nel tuo caso specifico<\/p>\n<p>\u2014 Quali sono i migliori preventivi nella tua zona<\/p>\n<h2>Come beneficiare del servizio gratuito Qualifico?<br \/>\n<\/h2>\n<p>1) Seleziona la tua regione di residenza qui sotto per scoprire se sei idoneo e quanto puoi risparmiare con la detrazione del 50%<\/p>\n<p>2) Compila i campi che troverai successivamente per determinare come migliorare la classe energetica in casa<\/p>\n<p>3) Ti metteremo in contatto con un professionista Qualifico, che ti dar\u00e0 maggiori informazioni su come ricevere la detrazione e quale pu\u00f2 essere il miglior intervento per le tue esigenze<\/p>\n<h2>Clicca sulla tua Regione:<\/h2>\n<p>\t\t\t<a href=\"#form\"><br \/>\n\t\t\t\t\t\t\t\t\tAbruzzo<br \/>\n\t\t\t\t\t<\/a><br \/>\n\t\t\t<a href=\"#form\"><br \/>\n\t\t\t\t\t\t\t\t\tBasilicata<br \/>\n\t\t\t\t\t<\/a><br \/>\n\t\t\t<a href=\"#form\"><br \/>\n\t\t\t\t\t\t\t\t\tCalabria<br \/>\n\t\t\t\t\t<\/a><br \/>\n\t\t\t<a href=\"#form\"><br \/>\n\t\t\t\t\t\t\t\t\tCampania<br \/>\n\t\t\t\t\t<\/a><br \/>\n\t\t\t<a href=\"#form\"><br \/>\n\t\t\t\t\t\t\t\t\tEmilia Romagna<br \/>\n\t\t\t\t\t<\/a><br \/>\n\t\t\t<a href=\"#form\"><br \/>\n\t\t\t\t\t\t\t\t\tFriuli Venezia Giulia<br \/>\n\t\t\t\t\t<\/a><br \/>\n\t\t\t<a href=\"#form\"><br \/>\n\t\t\t\t\t\t\t\t\tLazio<br \/>\n\t\t\t\t\t<\/a><br \/>\n\t\t\t<a href=\"#form\"><br \/>\n\t\t\t\t\t\t\t\t\tLiguria<br \/>\n\t\t\t\t\t<\/a><br \/>\n\t\t\t<a href=\"#form\"><br \/>\n\t\t\t\t\t\t\t\t\tLombardia<br \/>\n\t\t\t\t\t<\/a><br \/>\n\t\t\t<a href=\"#form\"><br \/>\n\t\t\t\t\t\t\t\t\tMarche<br \/>\n\t\t\t\t\t<\/a><br \/>\n\t\t\t<a href=\"#form\"><br \/>\n\t\t\t\t\t\t\t\t\tMolise<br \/>\n\t\t\t\t\t<\/a><br \/>\n\t\t\t<a href=\"#form\"><br \/>\n\t\t\t\t\t\t\t\t\tPiemonte<br \/>\n\t\t\t\t\t<\/a><br \/>\n\t\t\t<a href=\"#form\"><br \/>\n\t\t\t\t\t\t\t\t\tPuglia<br \/>\n\t\t\t\t\t<\/a><br \/>\n\t\t\t<a href=\"#form\"><br \/>\n\t\t\t\t\t\t\t\t\tSardegna<br \/>\n\t\t\t\t\t<\/a><br \/>\n\t\t\t<a href=\"#form\"><br \/>\n\t\t\t\t\t\t\t\t\tSicilia<br \/>\n\t\t\t\t\t<\/a><br \/>\n\t\t\t<a href=\"#form\"><br \/>\n\t\t\t\t\t\t\t\t\tToscana<br \/>\n\t\t\t\t\t<\/a><br \/>\n\t\t\t<a href=\"#form\"><br \/>\n\t\t\t\t\t\t\t\t\tTrentino Alto Adige<br \/>\n\t\t\t\t\t<\/a><br \/>\n\t\t\t<a href=\"#form\"><br \/>\n\t\t\t\t\t\t\t\t\tUmbria<br \/>\n\t\t\t\t\t<\/a><br \/>\n\t\t\t<a href=\"#form\"><br \/>\n\t\t\t\t\t\t\t\t\tVal d&#8217;Aosta<br \/>\n\t\t\t\t\t<\/a><br \/>\n\t\t\t<a href=\"#form\"><br \/>\n\t\t\t\t\t\t\t\t\tVeneto<br \/>\n\t\t\t\t\t<\/a><\/p>\n<h2>Clicca sulla tua Provincia:<\/h2>\n<p>\t\t\t<a href=\"#form\"><br \/>\n\t\t\t\t\t\t\t\t\tChieti<br \/>\n\t\t\t\t\t<\/a><br \/>\n\t\t\t<a href=\"#form\"><br \/>\n\t\t\t\t\t\t\t\t\tL&#8217;Aquila<br \/>\n\t\t\t\t\t<\/a><br \/>\n\t\t\t<a href=\"#form\"><br \/>\n\t\t\t\t\t\t\t\t\tPescara<br \/>\n\t\t\t\t\t<\/a><br \/>\n\t\t\t<a href=\"#form\"><br \/>\n\t\t\t\t\t\t\t\t\tTeramo<br \/>\n\t\t\t\t\t<\/a><\/p>\n<h2>Clicca sulla tua Provincia:<\/h2>\n<p>\t\t\t<a href=\"#form\"><br \/>\n\t\t\t\t\t\t\t\t\tMatera<br \/>\n\t\t\t\t\t<\/a><br \/>\n\t\t\t<a href=\"#form\"><br \/>\n\t\t\t\t\t\t\t\t\tPotenza<br \/>\n\t\t\t\t\t<\/a><\/p>\n<h2>Clicca sulla tua Provincia:<\/h2>\n<p>\t\t\t<a href=\"#form\"><br \/>\n\t\t\t\t\t\t\t\t\tCatanzaro<br \/>\n\t\t\t\t\t<\/a><br \/>\n\t\t\t<a href=\"#form\"><br \/>\n\t\t\t\t\t\t\t\t\tCosenza<br \/>\n\t\t\t\t\t<\/a><br \/>\n\t\t\t<a href=\"#form\"><br \/>\n\t\t\t\t\t\t\t\t\tCrotone<br \/>\n\t\t\t\t\t<\/a><br \/>\n\t\t\t<a href=\"#form\"><br \/>\n\t\t\t\t\t\t\t\t\tReggio Calabria<br \/>\n\t\t\t\t\t<\/a><br \/>\n\t\t\t<a href=\"#form\"><br \/>\n\t\t\t\t\t\t\t\t\tVibo Valentia<br \/>\n\t\t\t\t\t<\/a><\/p>\n<h2>Clicca sulla tua Provincia:<\/h2>\n<p>\t\t\t<a href=\"#form\"><br \/>\n\t\t\t\t\t\t\t\t\tAvellino<br \/>\n\t\t\t\t\t<\/a><br \/>\n\t\t\t<a href=\"#form\"><br \/>\n\t\t\t\t\t\t\t\t\tBenevento<br \/>\n\t\t\t\t\t<\/a><br \/>\n\t\t\t<a href=\"#form\"><br \/>\n\t\t\t\t\t\t\t\t\tCaserta<br \/>\n\t\t\t\t\t<\/a><br \/>\n\t\t\t<a href=\"#form\"><br \/>\n\t\t\t\t\t\t\t\t\tNapoli<br \/>\n\t\t\t\t\t<\/a><br \/>\n\t\t\t<a href=\"#form\"><br \/>\n\t\t\t\t\t\t\t\t\tSalerno<br \/>\n\t\t\t\t\t<\/a><\/p>\n<h2>Clicca sulla tua Provincia:<\/h2>\n<p>\t\t\t<a href=\"#form\"><br \/>\n\t\t\t\t\t\t\t\t\tBologna<br \/>\n\t\t\t\t\t<\/a><br \/>\n\t\t\t<a href=\"#form\"><br \/>\n\t\t\t\t\t\t\t\t\tFerrara<br \/>\n\t\t\t\t\t<\/a><br \/>\n\t\t\t<a href=\"#form\"><br \/>\n\t\t\t\t\t\t\t\t\tForl\u00ec-Cesena<br \/>\n\t\t\t\t\t<\/a><br \/>\n\t\t\t<a href=\"#form\"><br \/>\n\t\t\t\t\t\t\t\t\tModena<br \/>\n\t\t\t\t\t<\/a><br \/>\n\t\t\t<a href=\"#form\"><br \/>\n\t\t\t\t\t\t\t\t\tParma<br \/>\n\t\t\t\t\t<\/a><br \/>\n\t\t\t<a href=\"#form\"><br \/>\n\t\t\t\t\t\t\t\t\tPiacenza<br \/>\n\t\t\t\t\t<\/a><br \/>\n\t\t\t<a href=\"#form\"><br \/>\n\t\t\t\t\t\t\t\t\tRavenna<br \/>\n\t\t\t\t\t<\/a><br \/>\n\t\t\t<a href=\"#form\"><br \/>\n\t\t\t\t\t\t\t\t\tReggio Emilia<br \/>\n\t\t\t\t\t<\/a><br \/>\n\t\t\t<a href=\"#form\"><br \/>\n\t\t\t\t\t\t\t\t\tRimini<br \/>\n\t\t\t\t\t<\/a><\/p>\n<h2>Clicca sulla tua Provincia:<\/h2>\n<p>\t\t\t<a href=\"#form\"><br \/>\n\t\t\t\t\t\t\t\t\tGorizia<br \/>\n\t\t\t\t\t<\/a><br \/>\n\t\t\t<a href=\"#form\"><br \/>\n\t\t\t\t\t\t\t\t\tPordenone<br \/>\n\t\t\t\t\t<\/a><br \/>\n\t\t\t<a href=\"#form\"><br \/>\n\t\t\t\t\t\t\t\t\tTrieste<br \/>\n\t\t\t\t\t<\/a><br \/>\n\t\t\t<a href=\"#form\"><br \/>\n\t\t\t\t\t\t\t\t\tUdine<br \/>\n\t\t\t\t\t<\/a><\/p>\n<h2>Clicca sulla tua Provincia:<\/h2>\n<p>\t\t\t<a href=\"#form\"><br \/>\n\t\t\t\t\t\t\t\t\tFrosinone<br \/>\n\t\t\t\t\t<\/a><br \/>\n\t\t\t<a href=\"#form\"><br \/>\n\t\t\t\t\t\t\t\t\tLatina<br \/>\n\t\t\t\t\t<\/a><br \/>\n\t\t\t<a href=\"#form\"><br \/>\n\t\t\t\t\t\t\t\t\tRieti<br \/>\n\t\t\t\t\t<\/a><br \/>\n\t\t\t<a href=\"#form\"><br \/>\n\t\t\t\t\t\t\t\t\tRoma<br \/>\n\t\t\t\t\t<\/a><br \/>\n\t\t\t<a href=\"#form\"><br \/>\n\t\t\t\t\t\t\t\t\tViterbo<br \/>\n\t\t\t\t\t<\/a><\/p>\n<h2>Clicca sulla tua Provincia:<\/h2>\n<p>\t\t\t<a href=\"#form\"><br \/>\n\t\t\t\t\t\t\t\t\tGenova<br \/>\n\t\t\t\t\t<\/a><br \/>\n\t\t\t<a href=\"#form\"><br \/>\n\t\t\t\t\t\t\t\t\tImperia<br \/>\n\t\t\t\t\t<\/a><br \/>\n\t\t\t<a href=\"#form\"><br \/>\n\t\t\t\t\t\t\t\t\tLa Spezia<br \/>\n\t\t\t\t\t<\/a><br \/>\n\t\t\t<a href=\"#form\"><br \/>\n\t\t\t\t\t\t\t\t\tSavona<br \/>\n\t\t\t\t\t<\/a><\/p>\n<h2>Clicca sulla tua Provincia:<\/h2>\n<p>\t\t\t<a href=\"#form\"><br \/>\n\t\t\t\t\t\t\t\t\tBergamo<br \/>\n\t\t\t\t\t<\/a><br \/>\n\t\t\t<a href=\"#form\"><br \/>\n\t\t\t\t\t\t\t\t\tBrescia<br \/>\n\t\t\t\t\t<\/a><br \/>\n\t\t\t<a href=\"#form\"><br \/>\n\t\t\t\t\t\t\t\t\tComo<br \/>\n\t\t\t\t\t<\/a><br \/>\n\t\t\t<a href=\"#form\"><br \/>\n\t\t\t\t\t\t\t\t\tCremona<br \/>\n\t\t\t\t\t<\/a><br \/>\n\t\t\t<a href=\"#form\"><br \/>\n\t\t\t\t\t\t\t\t\tLecco<br \/>\n\t\t\t\t\t<\/a><br \/>\n\t\t\t<a href=\"#form\"><br \/>\n\t\t\t\t\t\t\t\t\tLodi<br \/>\n\t\t\t\t\t<\/a><br \/>\n\t\t\t<a href=\"#form\"><br \/>\n\t\t\t\t\t\t\t\t\tMantova<br \/>\n\t\t\t\t\t<\/a><br \/>\n\t\t\t<a href=\"#form\"><br \/>\n\t\t\t\t\t\t\t\t\tMilano<br \/>\n\t\t\t\t\t<\/a><br \/>\n\t\t\t<a href=\"#form\"><br \/>\n\t\t\t\t\t\t\t\t\tMonza e Brianza<br \/>\n\t\t\t\t\t<\/a><br \/>\n\t\t\t<a href=\"#form\"><br \/>\n\t\t\t\t\t\t\t\t\tPavia<br \/>\n\t\t\t\t\t<\/a><br \/>\n\t\t\t<a href=\"#form\"><br \/>\n\t\t\t\t\t\t\t\t\tSondrio<br \/>\n\t\t\t\t\t<\/a><br \/>\n\t\t\t<a href=\"#form\"><br \/>\n\t\t\t\t\t\t\t\t\tVarese<br \/>\n\t\t\t\t\t<\/a><\/p>\n<h2>Clicca sulla tua Provincia:<\/h2>\n<p>\t\t\t<a href=\"#form\"><br \/>\n\t\t\t\t\t\t\t\t\tAncona<br \/>\n\t\t\t\t\t<\/a><br \/>\n\t\t\t<a href=\"#form\"><br \/>\n\t\t\t\t\t\t\t\t\tAscoli Piceno<br \/>\n\t\t\t\t\t<\/a><br \/>\n\t\t\t<a href=\"#form\"><br \/>\n\t\t\t\t\t\t\t\t\tFermo<br \/>\n\t\t\t\t\t<\/a><br \/>\n\t\t\t<a href=\"#form\"><br \/>\n\t\t\t\t\t\t\t\t\tMacerata<br \/>\n\t\t\t\t\t<\/a><br \/>\n\t\t\t<a href=\"#form\"><br \/>\n\t\t\t\t\t\t\t\t\tPesaro e Urbino<br \/>\n\t\t\t\t\t<\/a><\/p>\n<h2>Clicca sulla tua Provincia:<\/h2>\n<p>\t\t\t<a href=\"#form\"><br \/>\n\t\t\t\t\t\t\t\t\tCampobasso<br \/>\n\t\t\t\t\t<\/a><br \/>\n\t\t\t<a href=\"#form\"><br \/>\n\t\t\t\t\t\t\t\t\tIsernia<br \/>\n\t\t\t\t\t<\/a><\/p>\n<h2>Clicca sulla tua Provincia:<\/h2>\n<p>\t\t\t<a href=\"#form\"><br \/>\n\t\t\t\t\t\t\t\t\tAlessandria<br \/>\n\t\t\t\t\t<\/a><br \/>\n\t\t\t<a href=\"#form\"><br \/>\n\t\t\t\t\t\t\t\t\tAsti<br \/>\n\t\t\t\t\t<\/a><br \/>\n\t\t\t<a href=\"#form\"><br \/>\n\t\t\t\t\t\t\t\t\tBiella<br \/>\n\t\t\t\t\t<\/a><br \/>\n\t\t\t<a href=\"#form\"><br \/>\n\t\t\t\t\t\t\t\t\tCuneo<br \/>\n\t\t\t\t\t<\/a><br \/>\n\t\t\t<a href=\"#form\"><br \/>\n\t\t\t\t\t\t\t\t\tNovara<br \/>\n\t\t\t\t\t<\/a><br \/>\n\t\t\t<a href=\"#form\"><br \/>\n\t\t\t\t\t\t\t\t\tTorino<br \/>\n\t\t\t\t\t<\/a><br \/>\n\t\t\t<a href=\"#form\"><br \/>\n\t\t\t\t\t\t\t\t\tVerbano-Cusio-Ossola<br \/>\n\t\t\t\t\t<\/a><br \/>\n\t\t\t<a href=\"#form\"><br \/>\n\t\t\t\t\t\t\t\t\tVercelli<br \/>\n\t\t\t\t\t<\/a><\/p>\n<h2>Clicca sulla tua Provincia:<\/h2>\n<p>\t\t\t<a href=\"#form\"><br \/>\n\t\t\t\t\t\t\t\t\tBari<br \/>\n\t\t\t\t\t<\/a><br \/>\n\t\t\t<a href=\"#form\"><br \/>\n\t\t\t\t\t\t\t\t\tBarletta-Andria-Trani<br \/>\n\t\t\t\t\t<\/a><br \/>\n\t\t\t<a href=\"#form\"><br \/>\n\t\t\t\t\t\t\t\t\tBrindisi<br \/>\n\t\t\t\t\t<\/a><br \/>\n\t\t\t<a href=\"#form\"><br \/>\n\t\t\t\t\t\t\t\t\tFoggia<br \/>\n\t\t\t\t\t<\/a><br \/>\n\t\t\t<a href=\"#form\"><br \/>\n\t\t\t\t\t\t\t\t\tLecce<br \/>\n\t\t\t\t\t<\/a><br \/>\n\t\t\t<a href=\"#form\"><br \/>\n\t\t\t\t\t\t\t\t\tTaranto<br \/>\n\t\t\t\t\t<\/a><\/p>\n<h2>Clicca sulla tua Provincia:<\/h2>\n<p>\t\t\t<a href=\"#form\"><br \/>\n\t\t\t\t\t\t\t\t\tCagliari<br \/>\n\t\t\t\t\t<\/a><br \/>\n\t\t\t<a href=\"#form\"><br \/>\n\t\t\t\t\t\t\t\t\tNuoro<br \/>\n\t\t\t\t\t<\/a><br \/>\n\t\t\t<a href=\"#form\"><br \/>\n\t\t\t\t\t\t\t\t\tOristano<br \/>\n\t\t\t\t\t<\/a><br \/>\n\t\t\t<a href=\"#form\"><br \/>\n\t\t\t\t\t\t\t\t\tSassari<br \/>\n\t\t\t\t\t<\/a><br \/>\n\t\t\t<a href=\"#form\"><br \/>\n\t\t\t\t\t\t\t\t\tSud Sardegna<br \/>\n\t\t\t\t\t<\/a><\/p>\n<h2>Clicca sulla tua Provincia:<\/h2>\n<p>\t\t\t<a href=\"#form\"><br \/>\n\t\t\t\t\t\t\t\t\tAgrigento<br \/>\n\t\t\t\t\t<\/a><br \/>\n\t\t\t<a href=\"#form\"><br \/>\n\t\t\t\t\t\t\t\t\tCaltanissetta<br \/>\n\t\t\t\t\t<\/a><br \/>\n\t\t\t<a href=\"#form\"><br \/>\n\t\t\t\t\t\t\t\t\tCatania<br \/>\n\t\t\t\t\t<\/a><br \/>\n\t\t\t<a href=\"#form\"><br \/>\n\t\t\t\t\t\t\t\t\tEnna<br \/>\n\t\t\t\t\t<\/a><br \/>\n\t\t\t<a href=\"#form\"><br \/>\n\t\t\t\t\t\t\t\t\tMessina<br \/>\n\t\t\t\t\t<\/a><br \/>\n\t\t\t<a href=\"#form\"><br \/>\n\t\t\t\t\t\t\t\t\tPalermo<br \/>\n\t\t\t\t\t<\/a><br \/>\n\t\t\t<a href=\"#form\"><br \/>\n\t\t\t\t\t\t\t\t\tRagusa<br \/>\n\t\t\t\t\t<\/a><br \/>\n\t\t\t<a href=\"#form\"><br \/>\n\t\t\t\t\t\t\t\t\tSiracusa<br \/>\n\t\t\t\t\t<\/a><br \/>\n\t\t\t<a href=\"#form\"><br \/>\n\t\t\t\t\t\t\t\t\tTrapani<br \/>\n\t\t\t\t\t<\/a><\/p>\n<h2>Clicca sulla tua Provincia:<\/h2>\n<p>\t\t\t<a href=\"#form\"><br \/>\n\t\t\t\t\t\t\t\t\tArezzo<br \/>\n\t\t\t\t\t<\/a><br \/>\n\t\t\t<a href=\"#form\"><br \/>\n\t\t\t\t\t\t\t\t\tFirenze<br \/>\n\t\t\t\t\t<\/a><br \/>\n\t\t\t<a href=\"#form\"><br \/>\n\t\t\t\t\t\t\t\t\tGrosseto<br \/>\n\t\t\t\t\t<\/a><br \/>\n\t\t\t<a href=\"#form\"><br \/>\n\t\t\t\t\t\t\t\t\tLivorno<br \/>\n\t\t\t\t\t<\/a><br \/>\n\t\t\t<a href=\"#form\"><br \/>\n\t\t\t\t\t\t\t\t\tLucca<br \/>\n\t\t\t\t\t<\/a><br \/>\n\t\t\t<a href=\"#form\"><br \/>\n\t\t\t\t\t\t\t\t\tMassa-Carrara<br \/>\n\t\t\t\t\t<\/a><br \/>\n\t\t\t<a href=\"#form\"><br \/>\n\t\t\t\t\t\t\t\t\tPisa<br \/>\n\t\t\t\t\t<\/a><br \/>\n\t\t\t<a href=\"#form\"><br \/>\n\t\t\t\t\t\t\t\t\tPistoia<br \/>\n\t\t\t\t\t<\/a><br \/>\n\t\t\t<a href=\"#form\"><br \/>\n\t\t\t\t\t\t\t\t\tPrato<br \/>\n\t\t\t\t\t<\/a><br \/>\n\t\t\t<a href=\"#form\"><br \/>\n\t\t\t\t\t\t\t\t\tSiena<br \/>\n\t\t\t\t\t<\/a><\/p>\n<h2>Clicca sulla tua Provincia:<\/h2>\n<p>\t\t\t<a href=\"#form\"><br \/>\n\t\t\t\t\t\t\t\t\tBolzano<br \/>\n\t\t\t\t\t<\/a><br \/>\n\t\t\t<a href=\"#form\"><br \/>\n\t\t\t\t\t\t\t\t\tTrento<br \/>\n\t\t\t\t\t<\/a><\/p>\n<h2>Clicca sulla tua Provincia:<\/h2>\n<p>\t\t\t<a href=\"#form\"><br \/>\n\t\t\t\t\t\t\t\t\tPerugia<br \/>\n\t\t\t\t\t<\/a><br \/>\n\t\t\t<a href=\"#form\"><br \/>\n\t\t\t\t\t\t\t\t\tTerni<br \/>\n\t\t\t\t\t<\/a><\/p>\n<h2>Clicca sulla tua Provincia:<\/h2>\n<p>\t\t\t<a href=\"#form\"><br \/>\n\t\t\t\t\t\t\t\t\tBelluno<br \/>\n\t\t\t\t\t<\/a><br \/>\n\t\t\t<a href=\"#form\"><br \/>\n\t\t\t\t\t\t\t\t\tPadova<br \/>\n\t\t\t\t\t<\/a><br \/>\n\t\t\t<a href=\"#form\"><br \/>\n\t\t\t\t\t\t\t\t\tRovigo<br \/>\n\t\t\t\t\t<\/a><br \/>\n\t\t\t<a href=\"#form\"><br \/>\n\t\t\t\t\t\t\t\t\tTreviso<br \/>\n\t\t\t\t\t<\/a><br \/>\n\t\t\t<a href=\"#form\"><br \/>\n\t\t\t\t\t\t\t\t\tVenezia<br \/>\n\t\t\t\t\t<\/a><br \/>\n\t\t\t<a href=\"#form\"><br \/>\n\t\t\t\t\t\t\t\t\tVerona<br \/>\n\t\t\t\t\t<\/a><br \/>\n\t\t\t<a href=\"#form\"><br \/>\n\t\t\t\t\t\t\t\t\tVicenza<br \/>\n\t\t\t\t\t<\/a><\/p>\n<p>Autore:<b>\u00a0<\/b><b>Luca Gallinati<\/b><\/p>\n<p>Laureato in Scienze Ambientali presso l&#8217;Universit\u00e0 di Bologna, appassionato di soluzioni innovative per la sostenibilit\u00e0 ambientale e la gestione delle risorse naturali.<\/p>\n<p>Condivide conoscenze e consigli pratici per aiutare gli italiani a ottimizzare l&#8217;uso delle risorse, adottare tecnologie sostenibili e ridurre l&#8217;impatto ambientale attraverso suggerimenti, novit\u00e0 nel settore e strategie efficaci.<\/p>\n<p>2024\u00a0Tutti i Diritti Riservati \u2013 <a style=\"color: #000000; text-decoration-line: underline;\" href=\"https:\/\/www.fortezzaportefinestre.it\/privacy\">Privacy &amp; Cookie Policy<\/a> \u2013 <a href=\"mailto:amministrazione@qualifico.it\" target=\"_blank\" rel=\"noopener\" data-link-card=\"true\">amministrazione@qualifico.it<\/a><\/p>\n<p>QUESTA PAGINA WEB NON RAPPRESENTA UNA TESTATA GIORNALISTICA, UN SITO DI INFORMAZIONE O UN BLOG. SI TRATTA DI UNA PAGINA WEB FINALIZZATA ALLE PUBBLICAZIONI PROMOZIONALI CHE IMPIEGANO LA TECNICA DELLO STORY TELLING PER ILLUSTRARE LA PORTATA DEI SERVIZI E DEI PRODOTTI PROPOSTI. LA STORIA RACCONTATA IN QUESTA PAGINA PERTANTO COSTITUISCE UN ADVERTORIAL O PUBBLICIT\u00c0 CON SCOPO INFORMATIVO, FUNZIONALE A FAR COMPRENDERE IL POTENZIALE DI QUANTO PROPOSTO.<\/p>\n","protected":false},"excerpt":{"rendered":"<p>Advertorial Classe energetica: migliaia di italiani stanno ristrutturando loro casa (pagando i lavori a met\u00e0 prezzo) Migliaia di italiani stanno ristrutturando la loro casa per migliorare la classe energetica. Ma perch\u00e9 c\u2019\u00e8 stato questo boom di richieste? Perch\u00e9 nel 2024, grazie agli incentivi statali, \u00e8 possibile fare questi interventi pagando il 50% in meno. Riqualificazione [&hellip;]<\/p>\n","protected":false},"author":1,"featured_media":0,"parent":0,"menu_order":0,"comment_status":"closed","ping_status":"closed","template":"elementor_canvas","meta":{"footnotes":""},"folder":[42],"class_list":["post-8229","page","type-page","status-publish","hentry"],"yoast_head":"<!-- This site is optimized with the Yoast SEO plugin v27.5 - https:\/\/yoast.com\/product\/yoast-seo-wordpress\/ -->\n<title>Riqualificazioni-abitazioni.com<\/title>\n<meta name=\"robots\" content=\"index, follow, max-snippet:-1, max-image-preview:large, max-video-preview:-1\" \/>\n<link rel=\"canonical\" href=\"https:\/\/caricamento-articolo-in-corso.com\/index.php\/classe-energetica-adv\/\" \/>\n<meta property=\"og:locale\" content=\"it_IT\" \/>\n<meta property=\"og:type\" content=\"article\" \/>\n<meta property=\"og:title\" content=\"Riqualificazioni-abitazioni.com\" \/>\n<meta property=\"og:description\" content=\"Advertorial Classe energetica: migliaia di italiani stanno ristrutturando loro casa (pagando i lavori a met\u00e0 prezzo) Migliaia di italiani stanno ristrutturando la loro casa per migliorare la classe energetica. Ma perch\u00e9 c\u2019\u00e8 stato questo boom di richieste? Perch\u00e9 nel 2024, grazie agli incentivi statali, \u00e8 possibile fare questi interventi pagando il 50% in meno. Riqualificazione [&hellip;]\" \/>\n<meta property=\"og:url\" content=\"https:\/\/caricamento-articolo-in-corso.com\/index.php\/classe-energetica-adv\/\" \/>\n<meta property=\"og:site_name\" content=\"Notizie Aggiornate\" \/>\n<meta property=\"article:modified_time\" content=\"2024-07-18T13:11:47+00:00\" \/>\n<meta property=\"og:image\" content=\"http:\/\/18.159.216.47\/wp-content\/uploads\/2024\/06\/Qualifico-photo-1024x576.webp\" \/>\n<meta name=\"twitter:card\" content=\"summary_large_image\" \/>\n<meta name=\"twitter:label1\" content=\"Tempo di lettura stimato\" \/>\n\t<meta name=\"twitter:data1\" content=\"5 minuti\" \/>\n<script type=\"application\/ld+json\" class=\"yoast-schema-graph\">{\"@context\":\"https:\\\/\\\/schema.org\",\"@graph\":[{\"@type\":\"WebPage\",\"@id\":\"https:\\\/\\\/caricamento-articolo-in-corso.com\\\/index.php\\\/classe-energetica-adv\\\/\",\"url\":\"https:\\\/\\\/caricamento-articolo-in-corso.com\\\/index.php\\\/classe-energetica-adv\\\/\",\"name\":\"Riqualificazioni-abitazioni.com\",\"isPartOf\":{\"@id\":\"https:\\\/\\\/terapie-efficaci.com\\\/#website\"},\"primaryImageOfPage\":{\"@id\":\"https:\\\/\\\/caricamento-articolo-in-corso.com\\\/index.php\\\/classe-energetica-adv\\\/#primaryimage\"},\"image\":{\"@id\":\"https:\\\/\\\/caricamento-articolo-in-corso.com\\\/index.php\\\/classe-energetica-adv\\\/#primaryimage\"},\"thumbnailUrl\":\"http:\\\/\\\/18.159.216.47\\\/wp-content\\\/uploads\\\/2024\\\/06\\\/Qualifico-photo-1024x576.webp\",\"datePublished\":\"2024-06-28T00:18:17+00:00\",\"dateModified\":\"2024-07-18T13:11:47+00:00\",\"breadcrumb\":{\"@id\":\"https:\\\/\\\/caricamento-articolo-in-corso.com\\\/index.php\\\/classe-energetica-adv\\\/#breadcrumb\"},\"inLanguage\":\"it-IT\",\"potentialAction\":[{\"@type\":\"ReadAction\",\"target\":[\"https:\\\/\\\/caricamento-articolo-in-corso.com\\\/index.php\\\/classe-energetica-adv\\\/\"]}]},{\"@type\":\"ImageObject\",\"inLanguage\":\"it-IT\",\"@id\":\"https:\\\/\\\/caricamento-articolo-in-corso.com\\\/index.php\\\/classe-energetica-adv\\\/#primaryimage\",\"url\":\"http:\\\/\\\/18.159.216.47\\\/wp-content\\\/uploads\\\/2024\\\/06\\\/Qualifico-photo-1024x576.webp\",\"contentUrl\":\"http:\\\/\\\/18.159.216.47\\\/wp-content\\\/uploads\\\/2024\\\/06\\\/Qualifico-photo-1024x576.webp\"},{\"@type\":\"BreadcrumbList\",\"@id\":\"https:\\\/\\\/caricamento-articolo-in-corso.com\\\/index.php\\\/classe-energetica-adv\\\/#breadcrumb\",\"itemListElement\":[{\"@type\":\"ListItem\",\"position\":1,\"name\":\"Home\",\"item\":\"https:\\\/\\\/terapie-efficaci.com\\\/\"},{\"@type\":\"ListItem\",\"position\":2,\"name\":\"Qualifico &#8211; A1 &#8211; Control\"}]},{\"@type\":\"WebSite\",\"@id\":\"https:\\\/\\\/terapie-efficaci.com\\\/#website\",\"url\":\"https:\\\/\\\/terapie-efficaci.com\\\/\",\"name\":\"Notizie Aggiornate\",\"description\":\"\",\"potentialAction\":[{\"@type\":\"SearchAction\",\"target\":{\"@type\":\"EntryPoint\",\"urlTemplate\":\"https:\\\/\\\/terapie-efficaci.com\\\/?s={search_term_string}\"},\"query-input\":{\"@type\":\"PropertyValueSpecification\",\"valueRequired\":true,\"valueName\":\"search_term_string\"}}],\"inLanguage\":\"it-IT\"}]}<\/script>\n<!-- \/ Yoast SEO plugin. -->","yoast_head_json":{"title":"Riqualificazioni-abitazioni.com","robots":{"index":"index","follow":"follow","max-snippet":"max-snippet:-1","max-image-preview":"max-image-preview:large","max-video-preview":"max-video-preview:-1"},"canonical":"https:\/\/caricamento-articolo-in-corso.com\/index.php\/classe-energetica-adv\/","og_locale":"it_IT","og_type":"article","og_title":"Riqualificazioni-abitazioni.com","og_description":"Advertorial Classe energetica: migliaia di italiani stanno ristrutturando loro casa (pagando i lavori a met\u00e0 prezzo) Migliaia di italiani stanno ristrutturando la loro casa per migliorare la classe energetica. Ma perch\u00e9 c\u2019\u00e8 stato questo boom di richieste? Perch\u00e9 nel 2024, grazie agli incentivi statali, \u00e8 possibile fare questi interventi pagando il 50% in meno. Riqualificazione [&hellip;]","og_url":"https:\/\/caricamento-articolo-in-corso.com\/index.php\/classe-energetica-adv\/","og_site_name":"Notizie Aggiornate","article_modified_time":"2024-07-18T13:11:47+00:00","og_image":[{"url":"http:\/\/18.159.216.47\/wp-content\/uploads\/2024\/06\/Qualifico-photo-1024x576.webp","type":"","width":"","height":""}],"twitter_card":"summary_large_image","twitter_misc":{"Tempo di lettura stimato":"5 minuti"},"schema":{"@context":"https:\/\/schema.org","@graph":[{"@type":"WebPage","@id":"https:\/\/caricamento-articolo-in-corso.com\/index.php\/classe-energetica-adv\/","url":"https:\/\/caricamento-articolo-in-corso.com\/index.php\/classe-energetica-adv\/","name":"Riqualificazioni-abitazioni.com","isPartOf":{"@id":"https:\/\/terapie-efficaci.com\/#website"},"primaryImageOfPage":{"@id":"https:\/\/caricamento-articolo-in-corso.com\/index.php\/classe-energetica-adv\/#primaryimage"},"image":{"@id":"https:\/\/caricamento-articolo-in-corso.com\/index.php\/classe-energetica-adv\/#primaryimage"},"thumbnailUrl":"http:\/\/18.159.216.47\/wp-content\/uploads\/2024\/06\/Qualifico-photo-1024x576.webp","datePublished":"2024-06-28T00:18:17+00:00","dateModified":"2024-07-18T13:11:47+00:00","breadcrumb":{"@id":"https:\/\/caricamento-articolo-in-corso.com\/index.php\/classe-energetica-adv\/#breadcrumb"},"inLanguage":"it-IT","potentialAction":[{"@type":"ReadAction","target":["https:\/\/caricamento-articolo-in-corso.com\/index.php\/classe-energetica-adv\/"]}]},{"@type":"ImageObject","inLanguage":"it-IT","@id":"https:\/\/caricamento-articolo-in-corso.com\/index.php\/classe-energetica-adv\/#primaryimage","url":"http:\/\/18.159.216.47\/wp-content\/uploads\/2024\/06\/Qualifico-photo-1024x576.webp","contentUrl":"http:\/\/18.159.216.47\/wp-content\/uploads\/2024\/06\/Qualifico-photo-1024x576.webp"},{"@type":"BreadcrumbList","@id":"https:\/\/caricamento-articolo-in-corso.com\/index.php\/classe-energetica-adv\/#breadcrumb","itemListElement":[{"@type":"ListItem","position":1,"name":"Home","item":"https:\/\/terapie-efficaci.com\/"},{"@type":"ListItem","position":2,"name":"Qualifico &#8211; A1 &#8211; Control"}]},{"@type":"WebSite","@id":"https:\/\/terapie-efficaci.com\/#website","url":"https:\/\/terapie-efficaci.com\/","name":"Notizie Aggiornate","description":"","potentialAction":[{"@type":"SearchAction","target":{"@type":"EntryPoint","urlTemplate":"https:\/\/terapie-efficaci.com\/?s={search_term_string}"},"query-input":{"@type":"PropertyValueSpecification","valueRequired":true,"valueName":"search_term_string"}}],"inLanguage":"it-IT"}]}},"_links":{"self":[{"href":"https:\/\/fotovoltaico.desamo.it\/index.php\/wp-json\/wp\/v2\/pages\/8229","targetHints":{"allow":["GET"]}}],"collection":[{"href":"https:\/\/fotovoltaico.desamo.it\/index.php\/wp-json\/wp\/v2\/pages"}],"about":[{"href":"https:\/\/fotovoltaico.desamo.it\/index.php\/wp-json\/wp\/v2\/types\/page"}],"author":[{"embeddable":true,"href":"https:\/\/fotovoltaico.desamo.it\/index.php\/wp-json\/wp\/v2\/users\/1"}],"replies":[{"embeddable":true,"href":"https:\/\/fotovoltaico.desamo.it\/index.php\/wp-json\/wp\/v2\/comments?post=8229"}],"version-history":[{"count":48,"href":"https:\/\/fotovoltaico.desamo.it\/index.php\/wp-json\/wp\/v2\/pages\/8229\/revisions"}],"predecessor-version":[{"id":8891,"href":"https:\/\/fotovoltaico.desamo.it\/index.php\/wp-json\/wp\/v2\/pages\/8229\/revisions\/8891"}],"wp:attachment":[{"href":"https:\/\/fotovoltaico.desamo.it\/index.php\/wp-json\/wp\/v2\/media?parent=8229"}],"wp:term":[{"taxonomy":"folder","embeddable":true,"href":"https:\/\/fotovoltaico.desamo.it\/index.php\/wp-json\/wp\/v2\/folder?post=8229"}],"curies":[{"name":"wp","href":"https:\/\/api.w.org\/{rel}","templated":true}]}}